nd 28.
28
Suppose 4*u = -5*b + 33, u = 4*u + 2*b - 16. Suppose 2*j - 86 = 3*t, t = u*j - 7*j + 249. What is the greatest common divisor of j and 7?
7
Let y = 9 - 5. Suppose -y = -2*h + 6*h. Let n = 0 - h. Calculate the highest common factor of n and 1.
1
Suppose 0 = 2*f - 72 - 36. Calculate the highest common factor of f and 81.
27
Suppose -3*v - 203 = -5*u, 0 = 5*u + v + 3*v - 196. Calculate the greatest common divisor of u and 16.
8
Let z(s) = -s**2 + 13*s + 4. Let a be z(13). Let l be ((-6)/a)/(4/(-240)). What is the greatest common divisor of 18 and l?
18
Let j be 1 + 1 - (-14 - 0). Let b(z) = -3*z + 27. Let t be b(-7). Calculate the greatest common divisor of t and j.
16
Suppose -3*l - 6 = -i + 9, 3*l = 6. Let n = 4 - 8. Let d(t) = -15*t + 3. Let q be d(n). Calculate the greatest common divisor of q and i.
21
Suppose 0 = -5*i - 10, -i - 2*i - 6 = -2*l. Let j = 1 + l. What is the greatest common divisor of j and 5?
1
Suppose -2*s - 28 = -s - 4*c, -4*s + 2*c - 42 = 0. Let m = -6 - s. Let v be 9/m*(-4)/(-3). What is the greatest common divisor of v and 24?
6
Suppose 3*u - 79 - 44 = h, 0 = 5*u - h - 203. Suppose 2*s - 3*s + 4 = 0, 5*z - 3*s - 38 = 0. What is the highest common divisor of z and u?
10
Suppose 0 = 2*k - 10, -4 = -2*n + k - 21. Let l(i) = -2 - 2*i - 4*i - i**2 + 6. Let j be l(n). Calculate the highest common factor of 4 and j.
4
Let w = 30 + 24. What is the greatest common divisor of w and 36?
18
Let c be 301 - (3/(-1))/(-3). Suppose 0 = 10*n - 15*n + c. Calculate the highest common divisor of n and 24.
12
Let v(r) = r**2 - 5*r - 10. Let h be v(7). Suppose -2 = -m - 3*y, -h*m + 32 = y - 9. Calculate the greatest common divisor of m and 11.
11
Suppose -3*c = -11 + 2. Suppose -60 = -c*r - 9. Let z be (-201)/(-4) - (-6)/8. Calculate the greatest common divisor of r and z.
17
Let w = 11 - 4. Let j be 46/14 - 2/w. Suppose -5*s + j = -7. What is the greatest common factor of s and 2?
2
Let n = 15 - 13. Let q = -20 + 42. What is the highest common divisor of n and q?
2
Let b = -5 - -6. Let r(l) = 3*l - 3*l + 8*l + l + b. Let f be r(1). What is the highest common divisor of 80 and f?
10
Let a = 479 + -304. What is the greatest common factor of 7 and a?
7
Let t = -300 + 166. Let i = 64 - t. Calculate the highest common factor of i and 18.
18
Suppose 0 = -v - 4*f + 62, -172 = -2*v - f + 5*f. What is the greatest common divisor of v and 6?
6
Let w(z) be the third derivative of z**6/24 - z**5/30 + z**4/24 + z**2. Let k be w(1). What is the highest common factor of 1 and k?
1
Let v(w) = -2*w + 6. Let g be v(2). Suppose -534 = -g*n + 302. What is the greatest common divisor of 38 and n?
38
Let p = -10 + 7. Let i be 2 + -1 + -2 - p. Suppose -3*v + 83 = 5*g, g + i*g = v - 23. What is the greatest common factor of 65 and v?
13
Let s = -27 - -14. Let v = 22 + s. Let d = 3 - 2. Calculate the highest common factor of d and v.
1
Suppose i = 2*r + 16, 0*i + 2 = -3*r - 4*i. Let q(o) = -12*o - 15. Let w be q(r). Calculate the highest common divisor of 38 and w.
19
Suppose 4*g - 10 = -2*t, t - 5 = -0*t + 3*g. Suppose t*q = q - 3*n + 289, -4*q + 4*n + 268 = 0. What is the greatest common divisor of q and 7?
7
Let c(m) = -m**2 + 8*m + 2. Let k be ((-65)/15)/(1/(-3)). Let x = -7 + k. Let u be c(x). Calculate the greatest common factor of u and 35.
7
Suppose -10 = -4*w + 6. Suppose -74 = -w*t - 3*u + 4*u, u = -t + 16. Let k = -145 + 217. What is the highest common divisor of t and k?
18
Suppose 0*a + 3*a - 2*m - 42 = 0, -a = 3*m - 25. Calculate the greatest common factor of 24 and a.
8
Let n(j) = 2*j**2 + 11*j + 6. Let p be n(6). Calculate the greatest common divisor of 9 and p.
9
Let h = -11 + 27. Suppose 7*a + 7 = 4*i + 2*a, -4*i = 4*a - h. Calculate the greatest common factor of 21 and i.
3
Suppose m + c = 44, 33 + 8 = m + 4*c. Suppose l + 0*l = m. What is the greatest common divisor of l and 5?
5
Let a = -1 - 0. Let p be a - (-7)/((-7)/(-10)). What is the highest common divisor of 36 and p?
9
Suppose -12 - 8 = -5*r. Let q be 22/r - (-15)/10. Calculate the highest common factor of 1 and q.
1
Let d = -9 - -23. Calculate the highest common divisor of d and 154.
14
Suppose 0*w - 45 = 5*w. Let d be ((-6)/w)/(2/6). What is the greatest common factor of 22 and d?
2
Suppose -a = -11*a + 2190. What is the highest common divisor of 146 and a?
73
Let m be (1/1)/(3/21). Let k(x) = 3*x**2 - 2*x**2 + 2 - 4*x + 0*x**2 + 7. Let q be k(m). Calculate the highest common factor of q and 10.
10
Suppose i = 36 + 27. Suppose 0 = -2*q + 7*q - 160. Suppose l - 4*d = -9*d + q, 2*l - 4*d = -6. Calculate the greatest common divisor of l and i.
7
Let f = 29 + -27. Calculate the greatest common divisor of 16 and f.
2
Let g be 2*(1 + (-3)/(-2)). Let a be 1 - (g*1)/(-1). Suppose 5*y = -3*c - 0*y - 11, -c + y + 7 = 0. Calculate the greatest common factor of a and c.
3
Let i = 4 - 1. Suppose 285 = 3*x - i*z, -2*z = 3*x - 4*z - 286. Calculate the highest common factor of x and 12.
12
Let y = -10 + 16. Suppose -3*c + y = 2*u, 0 = c + 3*u + 4 + 1. What is the greatest common divisor of 32 and c?
4
Let s = -12 - -17. Suppose -4*v + 104 = -4*k, s*k = 5*v + 2*k - 126. What is the highest common factor of 4 and v?
4
Let u(g) = -4*g - 5. Let k be u(-4). Let r be k/9 - (-2)/(-9). Let s be 495/10*4/r. What is the greatest common divisor of s and 22?
22
Let w be 23 - (-2 + -4 + 8). What is the highest common factor of w and 21?
21
Let c be (-7)/((-70)/4) + (-332)/(-20). Let h(m) = -10*m**3 - 3*m**2 + m + 2. Let o be h(-2). Calculate the highest common divisor of o and c.
17
Let o be 2/(4*(-2)/(-576)). Let w be (-2)/5 - (-184)/10. What is the greatest common divisor of o and w?
18
Let x = 12 + 4. Let b be x/3 + 2/(-6). Calculate the highest common factor of 20 and b.
5
Let t = 64 - 7. What is the greatest common factor of t and 513?
57
Let f(l) = l**3 - 6*l**2 - 13*l - 9. Let m be f(8). Calculate the greatest common divisor of m and 285.
15
Let h(n) = n**3 - 2*n**2 + n. Let s be h(3). Suppose 3*o + 0*o = -2*v + 165, -2*o = -2*v + 170. Calculate the greatest common factor of s and v.
12
Let l(g) = g**2 + 10*g + 5. Let s be l(-10). Suppose 4*c - 31 = -z, -2*c + 83 = -0*z + s*z. Calculate the greatest common factor of z and 6.
3
Suppose -8*z = -3*z - 100. Calculate the highest common divisor of 20 and z.
20
Let w(u) = 2*u. Let t be w(2). Suppose -t*i + 61 = -191. What is the highest common divisor of i and 7?
7
Let r = 91 - 79. What is the highest common factor of r and 48?
12
Suppose 5*w - 6 = 3*w + 4*p, 2*p + 13 = 3*w. Suppose -28 = -w*l + 52. Let q be ((2 - 1) + -2)*-8. Calculate the greatest common factor of l and q.
8
Let r(t) = -t**3 - 14*t**2 - 5*t - 7. Let u be r(-14). Calculate the greatest common divisor of u and 18.
9
Let c = -48 + 73. Calculate the highest common divisor of 25 and c.
25
Let k(t) = -t**3 - 9*t**2 - 8*t + 6. Let w be k(-8). Let c = 156 - 114. Calculate the greatest common divisor of w and c.
6
Let t(d) = d + d**3 + 3*d - 2*d**3 - 6 + 4*d**2. Let p = -9 - -13. Let w be t(p). Calculate the highest common factor of 50 and w.
10
Let a(d) be the first derivative of -d**4/4 + d**3 + 5*d**2/2 - 3*d + 4. Let q be a(3). What is the greatest common factor of q and 3?
3
Let t be (0 - -2)/(3/9). Let v(j) = -6 - j + t*j - 9*j. Let b be v(-7). Calculate the highest common divisor of b and 198.
22
Let k = -14 + 22. Calculate the greatest common divisor of 16 and k.
8
Suppose 0 = 5*k, -5*k = q - 0*k. Suppose q = 2*y - 5*o - 52 + 17, 0 = 5*y + 4*o - 137. What is the greatest common divisor of y and 25?
25
Let f = -9 - -22. Let g = -21 + 34. What is the greatest common divisor of g and f?
13
Let z = -26 + 38. What is the greatest common divisor of 132 and z?
12
Let c = -83 - -155. Calculate the highest common factor of c and 9.
9
Let w be (-4)/(-10) - (-288)/(-45). Let d = 21 + w. Suppose 6*m - 5*y = 3*m + d, -46 = -4*m - 2*y. What is the greatest common factor of 30 and m?
10
Let b = 2 - -70. Calculate the greatest common factor of 108 and b.
36
Suppose -5*y - 120 = -5*b, 0 = -2*b + 4*b + 2*y - 64. Calculate the highest common factor of b and 154.
14
Let l be 11 + 0 + 2/2. Let i = -134 - -242. Calculate the highest common factor of l and i.
12
Let m(p) = -18*p - 52. Let o be m(-4). Calcu